et h be c(g). Calculate the highest common factor of 360 and h.
36
Suppose 0 = 3*n - 170*u + 174*u - 67, 0 = -u + 4. Let t(h) = -h**2 - 13*h - 8. Let a be t(-6). What is the highest common factor of a and n?
17
Let i = 75 - 73. What is the highest common factor of i and 454?
2
Suppose -w = 5*v + 420 + 310, -v + 5*w = 172. Let j be (v/84)/((-2)/(2*4)). Suppose 80 = 5*k - 95. Calculate the greatest common factor of j and k.
7
Suppose -u - 3*t + 12 = 1, -2*u + 42 = -4*t. Calculate the highest common divisor of 731 and u.
17
Suppose -468 = 2*s - 11*s. Suppose n + 24 = -4*n + 2*o, 2*o - 20 = 4*n. Let f = s + n. What is the highest common divisor of 32 and f?
16
Let r be 3 + -4 + (-70)/(-1). Let j(p) = 3*p - 13. Let g be j(3). Let y = 27 + g. Calculate the highest common factor of y and r.
23
Let b = 186 + -162. Let c = -9 - -9. Let l = c - -3. What is the highest common divisor of b and l?
3
Let k(x) = x**2 + 11*x + 12. Let d = -26 + 17. Let s be k(d). Let m(o) = o**2 + 4*o + 1. Let j be m(s). What is the highest common factor of j and 13?
13
Suppose -346 = 5*u + m, 0 = -3*u + 4*m - 0*m - 203. Let n = -29 - u. Let t = 50 + -34. Calculate the highest common factor of n and t.
8
Suppose -m + 4*f + 20 = -6, 2*m - 5*f - 46 = 0. What is the greatest common divisor of m and 132?
6
Let p = -440 + 701. Let v = -57 - -86. What is the highest common divisor of v and p?
29
Suppose 2*r - 19 - 55 = 0. Let l = r - -13. Calculate the greatest common divisor of l and 40.
10
Suppose 0*v + 475 = 5*v. Calculate the highest common factor of v and 5.
5
Let v(b) = b**3 + 4*b**2 - 2*b - 2. Let d be v(-2). Let g = 175 + 705. Suppose -4*y - g = -26*y. Calculate the greatest common factor of d and y.
10
Suppose 180 = 4*l - 200. Calculate the greatest common factor of 57 and l.
19
Let q = 429 + -361. Calculate the greatest common factor of q and 306.
34
Let d = 37 + -10. Suppose -4*z - d = -o, -4*z + 66 = 3*o - z. Suppose -2*a + 203 + 119 = 0. What is the highest common divisor of o and a?
23
Let n be (5 + -2)*2/(-3). Let o be ((-6)/(-9))/(n/(-15)). Let b(t) = 5*t**2 + 46*t - 209. Let z be b(4). What is the highest common factor of o and z?
5
Let w(n) = 64*n**2 + 2*n + 1. Let k be w(-1). Let r(z) = -1 + 0*z + 7*z**2 - 5*z + 4*z. Let t be r(-1). What is the greatest common factor of t and k?
7
Suppose 33 = 2*v - 9. Let i(h) = h**3 - 6*h**2 + 3*h - 1. Let n be i(6). Suppose -n*d = -15*d - 6. What is the highest common divisor of v and d?
3
Let a = 1114 - 1107. What is the highest common factor of a and 21?
7
Let x(s) = -25. Let n(y) = y - 26. Let j(g) = -3*n(g) + 2*x(g). Let d be j(0). Let f = 87 - 17. Calculate the greatest common factor of f and d.
14
Suppose -v + 0*v + 2 = 0. Suppose 0 = -v*k + k + 18. Let s be 634/k + (-2)/9. What is the highest common factor of s and 14?
7
Let g(r) = -2*r + 7*r - 6*r + 5 + 3*r**2 + 2*r. Let c be g(-5). Suppose w - c = 5*y, -w + 28 = -y - 51. What is the highest common divisor of w and 16?
16
Suppose 51 = 2*r - 45. Suppose 4*s - 12 - 20 = 0. Suppose -5*b + r = s. Calculate the highest common divisor of 72 and b.
8
Let k(r) = 33*r - 784. Let d be k(24). Calculate the highest common divisor of 12 and d.
4
Let q = 328 + -184. Let z = -54 + q. What is the greatest common factor of 60 and z?
30
Suppose o - 221 = -5*c + c, -5*o + 209 = 4*c. Suppose -y - 3*g = -28, 0 = -2*y - 4*g + 9*g + 56. What is the greatest common divisor of y and c?
28
Let j be 108/(-270)*(-30)/1. What is the highest common factor of j and 24?
12
Let x = -179 + 207. Calculate the greatest common divisor of x and 21.
7
Let u(i) = 97*i + 11. Let n be u(10). What is the greatest common factor of 9 and n?
9
Let b = -13 + 830. Calculate the greatest common divisor of 43 and b.
43
Suppose -99 = -5*d - 3*c, -d = -3*d - 2*c + 38. Suppose 0*k - 5*k + 35 = 0. Suppose l = -0*l + k. Calculate the greatest common factor of l and d.
7
Suppose -3*l - 261 = 36*t - 39*t, -5*t + 426 = -2*l. Calculate the highest common factor of 49 and t.
7
Let l be (429/12)/(2/8). Let h = l - 91. Calculate the highest common divisor of 78 and h.
26
Suppose 0 = 8*v - 12*v + 256. Let r = v - 32. Let a = -142 + 222. What is the greatest common divisor of r and a?
16
Let t(f) = 33*f**2. Let y be t(-1). Suppose w - 4*w = -y. Suppose c = -6 + 94. What is the highest common factor of c and w?
11
Suppose -3*c + 10 = -5. Suppose -c*z = 718 - 2478. Suppose -5*g + z = -g. What is the highest common divisor of 11 and g?
11
Let l = -520 - -523. What is the highest common factor of l and 31?
1
Suppose -9*r + 667 = s - 6*r, 0 = 2*r. Calculate the highest common divisor of 23 and s.
23
Suppose 2*v - 94 = 16. What is the highest common factor of 44 and v?
11
Let v(p) = -2*p - 9. Let a be v(9). Let o = 0 - a. Suppose -o = -u + 29. What is the greatest common factor of u and 140?
28
Suppose 8*a + 109 = -211. Let x = a - -76. Calculate the highest common divisor of x and 9.
9
Suppose 341 = s + 85. Let p be ((-4)/(-2))/((-1)/(-16)). Calculate the highest common factor of s and p.
32
Suppose 2339 = 2*h - 5*n, -5*h - n + 6*n = -5885. What is the highest common factor of 6 and h?
6
Let c be 3 - 6/3 - -1. Let t be (3 + c)*4/5. What is the greatest common factor of 8 and t?
4
Let g(j) = 4*j**3 - j. Let y be g(2). Let p(f) = -74*f + 4. Let u be p(-4). What is the greatest common divisor of u and y?
30
Suppose -4*n - 5*b + 385 = 0, -2*b = -4*n + 3*b + 335. Let r be n/12 - (-3)/6. Calculate the highest common factor of 8 and r.
8
Suppose 9*x - 133 + 52 = 0. Suppose x*n - 13*n + 192 = 0. Calculate the highest common factor of n and 36.
12
Let x = 728 + -513. What is the highest common divisor of x and 129?
43
Suppose -4 = -g, 5*v + 3*g - 191 = 211. What is the greatest common divisor of v and 18?
6
Let n = 666 + -656. Suppose -4 = -2*q + 4. Suppose 183 = q*b + 23. Calculate the highest common factor of b and n.
10
Suppose 0 = -503*w + 405*w + 7644. Let v(p) = -18*p - 2. Let d be v(-3). What is the highest common factor of w and d?
26
Suppose -3*c - 23*c + 182 = 0. Suppose 30 = c*h - 6*h. Suppose -4*f - 60 + 140 = 0. What is the greatest common divisor of h and f?
10
Let p be (4/10)/((-4)/(-80)). Suppose 2*k = p + 6. Calculate the highest common factor of k and 35.
7
Let u(y) = 6*y**3 - 9*y**2 - y + 6. Let f be u(3). Calculate the highest common divisor of 2184 and f.
84
Suppose -298*q = -296*q - 1540. What is the highest common factor of q and 70?
70
Let b(a) = -2*a**3 + 25*a**2 - 9*a + 13. Let l be b(12). Calculate the highest common factor of l and 147.
49
Let v be (-39)/6*(-6 + -8). Calculate the highest common divisor of v and 13.
13
Let a = -95 + 211. Let v = 122 - a. Let d = -7 + 19. What is the highest common factor of v and d?
6
Suppose 10*c = 18329 + 10671. What is the highest common divisor of 100 and c?
100
Suppose 3*k - 20 = -2*l, -8 = -3*k + 2*k - l. Let b = -59 + 121. Suppose -b = k*z - 214. Calculate the greatest common factor of 95 and z.
19
Let f be 2*(-3)/((-12)/2). Let n be f*(12/(-4) + 16). Suppose -n*l - 84 = -16*l. Calculate the greatest common divisor of l and 42.
14
Let l = -101 + 60. Let c = -21 - l. Calculate the greatest common factor of c and 10.
10
Let t be 16/(-12) - 434/(-42). What is the highest common factor of t and 2?
1
Let s = 750 - 659. What is the greatest common divisor of s and 273?
91
Let n(l) = -l**3 - 23*l**2 - 28*l - 90. Let r be n(-22). What is the greatest common divisor of r and 252?
42
Let i be 216/10 + 6/15. Let x = 36 - i. Suppose -128*q + 9786 = 105*q. What is the greatest common factor of x and q?
14
Let r(m) = 63*m**2 + 2*m - 1. Let l be -3 - (3 + (-21)/3). Let y be r(l). Calculate the greatest common divisor of y and 16.
16
Let y(j) = j - 44. Let n be y(9). Let r = n + 67. Calculate the greatest common factor of 32 and r.
32
Let x = -974 + 1074. Calculate the greatest common factor of 60 and x.
20
Suppose -12 = -4*r, 6*v - r = 2*v + 237. Calculate the highest common divisor of 330 and v.
30
Suppose 6*w + 36 = 3*w. Let x = -12 - w. Suppose 4*g - g - 2*u = 53, 4*g - 4*u - 72 = x. Calculate the greatest common factor of g and 17.
17
Suppose r + 14 = -4*b, 3 = -2*b - b + 3*r. Let p be b/(-6) - 45/(-6). Suppose -p*v + 13*v = 880. Calculate the greatest common divisor of 22 and v.
22
